inder when 596086 is divided by 8?
6
What is the remainder when 477593 is divided by 17?
12
What is the remainder when 372 is divided by 9?
3
Calculate the remainder when 108697 is divided by 74.
65
What is the remainder when 311465 is divided by 15?
5
What is the remainder when 1234 is divided by 565?
104
Calculate the remainder when 19976 is divided by 1058.
932
Calculate the remainder when 2090186 is divided by 491.
490
Calculate the remainder when 13740 is divided by 51.
21
What is the remainder when 30489 is divided by 11?
8
Calculate the remainder when 482322 is divided by 693.
687
Calculate the remainder when 1861 is divided by 469.
454
What is the remainder when 6857 is divided by 34?
23
What is the remainder when 23079 is divided by 4572?
219
Calculate the remainder when 21782 is divided by 748.
90
Calculate the remainder when 261040 is divided by 4746.
10
What is the remainder when 100009 is divided by 9999?
19
What is the remainder when 220348 is divided by 88?
84
What is the remainder when 511396 is divided by 10?
6
Calculate the remainder when 14917 is divided by 635.
312
Calculate the remainder when 1170 is divided by 236.
226
Calculate the remainder when 2464 is divided by 490.
14
Calculate the remainder when 535298 is divided by 20.
18
What is the remainder when 2553 is divided by 485?
128
Calculate the remainder when 13302 is divided by 64.
54
What is the remainder when 104376 is divided by 126?
48
Calculate the remainder when 1914305 is divided by 744.
737
Calculate the remainder when 622 is divided by 140.
62
What is the remainder when 3126 is divided by 59?
58
Calculate the remainder when 136798 is divided by 150.
148
Calculate the remainder when 1811 is divided by 62.
13
Calculate the remainder when 1779 is divided by 65.
24
What is the remainder when 12065 is divided by 5784?
497
Calculate the remainder when 15645 is divided by 5207.
24
What is the remainder when 7033 is divided by 105?
103
Calculate the remainder when 2958 is divided by 2940.
18
What is the remainder when 45348 is divided by 50?
48
What is the remainder when 22231 is divided by 22215?
16
What is the remainder when 1158173 is divided by 11?
5
Calculate the remainder when 1361 is divided by 103.
22
What is the remainder when 10999 is divided by 125?
124
What is the remainder when 8006 is divided by 160?
6
Calculate the remainder when 3200 is divided by 1514.
172
Calculate the remainder when 3478 is divided by 1669.
140
Calculate the remainder when 626 is divided by 278.
70
What is the remainder when 23838 is divided by 1185?
138
Calculate the remainder when 5801 is divided by 5790.
11
What is the remainder when 31671 is divided by 15811?
49
What is the remainder when 109004 is divided by 54501?
2
What is the remainder when 14793 is divided by 822?
819
What is the remainder when 345802 is divided by 86448?
10
What is the remainder when 6864 is divided by 228?
24
What is the remainder when 1935 is divided by 182?
115
What is the remainder when 12921 is divided by 4159?
444
What is the remainder when 64867 is divided by 503?
483
What is the remainder when 6879 is divided by 701?
570
Calculate the remainder when 47016 is divided by 212.
164
What is the remainder when 2170 is divided by 178?
34
Calculate the remainder when 37176 is divided by 41.
30
What is the remainder when 12210898 is divided by 930?
928
What is the remainder when 29529 is divided by 428?
425
Calculate the remainder when 34138 is divided by 11374.
16
Calculate the remainder when 15245 is divided by 23.
19
What is the remainder when 468357 is divided by 24?
21
Calculate the remainder when 1018 is divided by 476.
66
What is the remainder when 318384 is divided by 30?
24
What is the remainder when 111298 is divided by 159?
157
Calculate the remainder when 1835 is divided by 80.
75
What is the remainder when 42662 is divided by 577?
541
Calculate the remainder when 284900 is divided by 23.
22
Calculate the remainder when 98247 is divided by 47.
17
Calculate the remainder when 38105 is divided by 422.
125
What is the remainder when 240887 is divided by 61?
59
What is the remainder when 67474 is divided by 758?
12
Calculate the remainder when 23476 is divided by 23139.
337
What is the remainder when 227838 is divided by 132?
6
What is the remainder when 9040 is divided by 914?
814
What is the remainder when 6161 is divided by 237?
236
Calculate the remainder when 25707 is divided by 253.
154
Calculate the remainder when 3493 is divided by 92.
89
Calculate the remainder when 580985 is divided by 27.
26
Calculate the remainder when 1367 is divided by 85.
7
What is the remainder when 1226954 is divided by 27?
20
What is the remainder when 509 is divided by 394?
115
Calculate the remainder when 18443 is divided by 164.
75
Calculate the remainder when 9117 is divided by 3.
0
Calculate the remainder when 400230 is divided by 2287.
5
Calculate the remainder when 14875 is divided by 187.
102
What is the remainder when 1401745 is divided by 42?
37
What is the remainder when 25624 is divided by 22?
16
Calculate the remainder when 28359 is divided by 330.
309
What is the remainder when 6712 is divided by 1677?
4
Calculate the remainder when 74516 is divided by 1461.
5
Calculate the remainder when 2462 is divided by 405.
32
Calculate the remainder when 14914 is divided by 14899.
15
What is the remainder when 3902290 is divided by 1951145?
0
What is the remainder when 4714 is divided by 23?
22
What is the remainder when 95724 is divided by 481?
5
What is the remainder when 12775 is divided by 4247?
34
What is the remainder when 3460 is divided by 104?
28
What is the remainder when 43202 is divided by 850?
702
Calculate the remainder when 95741 is divided by 336.
317
Calculate the remainder when 1763 is divided by 37.
24
Calculate the remainder when 21943 is divided by 6.
1
What is the remainder when 47222 is divided by 562?
14
What is the remainder when 102589 is divided by 102540?
49
What is the remainder when 18891 is divided by 3770?
41
Calculate the remainder when 57062 is divided by 18957.
191
Calculate the remainder when 19825 is divided by 23.
22
Calculate the remainder when 132423 is divided by 48.
39
What is the remainder when 194999 is divided by 116?
3
What is the remainder when 447181 is divided by 89435?
6
What is the remainder when 6077 is divided by 549?
38
What is the remainder when 402765 is divided by 39?
12
Calculate the remainder when 339420 is divided by 406.
4
What is the remainder when 20903 is divided by 3449?
209
What is the remainder when 3605 is divided by 551?
299
What is the remainder when 2013 is divided by 367?
178
What is the remainder when 17891 is divided by 416?
3
Calculate the remainder when 1595 is divided by 215.
90
What is the remainder when 2046 is divided by 67?
36
Calculate the remainder when 25102 is divided by 2280.
22
What is the remainder when 902879 is divided by 836?
835
What is the remainder when 2203944 is divided by 848?
840
Calculate the remainder when 4133 is divided by 36.
29
What is the remainder when 127538 is divided by 18218?
12
What is the remainder when 67788 is divided by 22555?
123
Calculate the remainder when 1993 is divided by 182.
173
Calculate the remainder when 87610 is divided by 294.
292
Calculate the remainder when 2114 is divided by 522.
26
Calculate the remainder when 1100 is divided by 806.
294
What is the remainder when 8429 is divided by 921?
140
Calculate the remainder when 14272 is divided by 14123.
149
Calculate the remainder when 5653 is divided by 97.
27
Calculate the remainder when 4785 is divided by 4771.
14
Calculate the remainder when 34795 is divided by 232.
227
What is the remainder when 8907 is divided by 11?
8
What is the remainder when 962 is divided by 633?
329
Calculate the remainder when 5870140 is divided by 9.
7
Calculate the remainder when 220901 is divided by 106.
103
Calculate the remainder when 568309 is divided by 294.
7
Calculate the remainder when 180120 is divided by 208.
200
What is the remainder when 292 is divided by 95?
7
What is the remainder when 10921 is divided by 2727?
13
Calculate the remainder when 2220 is divided by 2191.
29
Calculate the remainder when 4178 is divided by 412.
58
What is the r